{"id":18489,"date":"2025-07-03T11:17:41","date_gmt":"2025-07-03T09:17:41","guid":{"rendered":"https:\/\/unifa-fashion.com\/?page_id=18489"},"modified":"2025-12-04T01:36:01","modified_gmt":"2025-12-03T23:36:01","slug":"cinq-a-sept","status":"publish","type":"page","link":"https:\/\/unifa-fashion.com\/?page_id=18489","title":{"rendered":"CINQ \u00c0 SEPT"},"content":{"rendered":"\n<div class=\"wp-block-group alignfull\" style=\"padding-top:var(--wp--preset--spacing--30);padding-right:var(--wp--preset--spacing--30);padding-bottom:var(--wp--preset--spacing--30);padding-left:var(--wp--preset--spacing--30)\"><div class=\"wp-block-group__inner-container is-layout-constrained wp-container-core-group-is-layout-97875daf wp-block-group-is-layout-constrained\"><\/div><\/div>\n\n\n\n<p><\/p>\n\n\n\n<div class=\"wp-block-uagb-image uagb-block-8a004912 wp-block-uagb-image--layout-default wp-block-uagb-image--effect-static wp-block-uagb-image--align-none\"><figure class=\"wp-block-uagb-image__figure\"><a class=\"\" href=\"https:\/\/unifa-fashion.com\/wp-content\/uploads\/2025\/07\/5A7_FULL-LOGO-1.png\" target=\"\" rel=\"noopener\"><img decoding=\"async\" srcset=\"https:\/\/unifa-fashion.com\/wp-content\/uploads\/2025\/07\/5A7_FULL-LOGO-1-1024x441.png ,https:\/\/unifa-fashion.com\/wp-content\/uploads\/2025\/07\/5A7_FULL-LOGO-1.png 780w, https:\/\/unifa-fashion.com\/wp-content\/uploads\/2025\/07\/5A7_FULL-LOGO-1.png 360w\" sizes=\"auto, (max-width: 480px) 150px\" src=\"https:\/\/unifa-fashion.com\/wp-content\/uploads\/2025\/07\/5A7_FULL-LOGO-1-1024x441.png\" alt=\"\" class=\"uag-image-18490\" width=\"560\" height=\"240\" title=\"5A7_FULL LOGO (1)\" loading=\"lazy\" role=\"img\"\/><\/a><\/figure><\/div>\n\n\n\n<div class=\"wp-block-group is-nowrap is-layout-flex wp-container-core-group-is-layout-ad2f72ca wp-block-group-is-layout-flex\"><\/div>\n\n\n\n<div class=\"wp-block-uagb-image uagb-block-ba7eb435 wp-block-uagb-image--layout-default wp-block-uagb-image--effect-static wp-block-uagb-image--align-none\"><figure class=\"wp-block-uagb-image__figure\"><a class=\"\" href=\"https:\/\/unifa-fashion.com\/wp-content\/uploads\/2025\/12\/cinq_1-5.jpg\" target=\"\" rel=\"noopener\"><img decoding=\"async\" srcset=\"https:\/\/unifa-fashion.com\/wp-content\/uploads\/2025\/12\/cinq_1-5-819x1024.jpg ,https:\/\/unifa-fashion.com\/wp-content\/uploads\/2025\/12\/cinq_1-5.jpg 780w, https:\/\/unifa-fashion.com\/wp-content\/uploads\/2025\/12\/cinq_1-5.jpg 360w\" sizes=\"auto, (max-width: 480px) 150px\" src=\"https:\/\/unifa-fashion.com\/wp-content\/uploads\/2025\/12\/cinq_1-5-819x1024.jpg\" alt=\"\" class=\"uag-image-18638\" width=\"568\" height=\"710\" title=\"cinq_1\" loading=\"lazy\" role=\"img\"\/><\/a><\/figure><\/div>\n\n\n\n<p><\/p>\n\n\n\n<div style=\"height:100px\" aria-hidden=\"true\" class=\"wp-block-spacer\"><\/div>\n\n\n\n<p class=\"has-text-align-center\">ABOUT <\/p>\n\n\n\n<div class=\"wp-block-uagb-advanced-heading uagb-block-f751c553\"><h2 class=\"uagb-heading-text\">CINQ \u00c0 SEPT<\/h2><p class=\"uagb-desc-text\">Cinq \u00e0 Sept wurde 2016 gegr\u00fcndet und ist eine angesagte Marke f\u00fcr moderne, zeitgem\u00e4\u00dfe Lifestyle-Mode.&nbsp;Sie ist bekannt f\u00fcr ihre stylischen Basics und elegante, feminine Styles, die sowohl frisch als auch zeitlos wirken.&nbsp;Egal, ob man nach bequemen, dennoch schickeren Business-Looks sucht oder einem Kleider oder einfach nach einer Jeans &#8211; Cinq \u00e0 Sept hat f\u00fcr jeden Anlass das Richtige.&nbsp;<br>Das Besondere an der Marke ist die Liebe zum Detail, die daf\u00fcr sorgt, dass du dich immer perfekt, stilvoll und sexy f\u00fchlst.&nbsp;Eine Marke, die Spa\u00df macht und dich immer gut aussehen l\u00e4sst!&nbsp;<br><br>Im UNIFA Portfolio die Denim-Linie &#8222;TOUS LES JOUR&#8220; &#8211; Alltags-essentials<br>Die Kollektion bietet hochwertige Basics, die eine bewusste Balance zwischen Raffinesse und Komfort schaffen. Styling-Kombinationen wie fein gearbeiteter Denim und verzierte T-Shirts sorgen f\u00fcr eine allt\u00e4gliche Eleganz, die einfach und stilvoll aussieht &#8211; egal zu welchem Anlass.&nbsp;<br>Diese Kollektion macht es leicht, gepflegt und modisch unterwegs zu sein.<\/p><\/div>\n\n\n\n<p><\/p>\n\n\n\n<div style=\"height:49px\" aria-hidden=\"true\" class=\"wp-block-spacer\"><\/div>\n\n\n\n<p class=\"has-text-align-center\"><a href=\"https:\/\/cinqasept.nyc\/\">CINQ \u00c1 SEPT<\/a><\/p>\n\n\n      \n\t\t\t<div class=\"uagb-icon-wrapper uagb-block-b2f9ba7e      \"\n\t\t\tstyle=\"\" >\n\t\t\t\t\t\t\t\t\t<span class=\"uagb-svg-wrapper\" \n\t\t\t\t\t aria-label=\"https:\/\/www.instagram.com\/cinqasept\/\"\t\t\t\t\ttabindex=\"0\">\t\t\n\t\t\t\t\t\t\t\t\t\t<a rel=\"noopener noreferrer\" href=\"https:\/\/www.instagram.com\/cinqasept\/\" target=\"_blank\"><svg xmlns=\"https:\/\/www.w3.org\/2000\/svg\" viewBox= \"0 0 448 512\" role=\"graphics-symbol\" aria-hidden=\"false\" aria-label=\"https:\/\/www.instagram.com\/cinqasept\/\"><path d=\"M224.1 141c-63.6 0-114.9 51.3-114.9 114.9s51.3 114.9 114.9 114.9S339 319.5 339 255.9 287.7 141 224.1 141zm0 189.6c-41.1 0-74.7-33.5-74.7-74.7s33.5-74.7 74.7-74.7 74.7 33.5 74.7 74.7-33.6 74.7-74.7 74.7zm146.4-194.3c0 14.9-12 26.8-26.8 26.8-14.9 0-26.8-12-26.8-26.8s12-26.8 26.8-26.8 26.8 12 26.8 26.8zm76.1 27.2c-1.7-35.9-9.9-67.7-36.2-93.9-26.2-26.2-58-34.4-93.9-36.2-37-2.1-147.9-2.1-184.9 0-35.8 1.7-67.6 9.9-93.9 36.1s-34.4 58-36.2 93.9c-2.1 37-2.1 147.9 0 184.9 1.7 35.9 9.9 67.7 36.2 93.9s58 34.4 93.9 36.2c37 2.1 147.9 2.1 184.9 0 35.9-1.7 67.7-9.9 93.9-36.2 26.2-26.2 34.4-58 36.2-93.9 2.1-37 2.1-147.8 0-184.8zM398.8 388c-7.8 19.6-22.9 34.7-42.6 42.6-29.5 11.7-99.5 9-132.1 9s-102.7 2.6-132.1-9c-19.6-7.8-34.7-22.9-42.6-42.6-11.7-29.5-9-99.5-9-132.1s-2.6-102.7 9-132.1c7.8-19.6 22.9-34.7 42.6-42.6 29.5-11.7 99.5-9 132.1-9s102.7-2.6 132.1 9c19.6 7.8 34.7 22.9 42.6 42.6 11.7 29.5 9 99.5 9 132.1s2.7 102.7-9 132.1z\"><\/path><\/svg><\/a>\n\t\t\t\t\t\t\t\t\t<\/span>\n\t\t\t\t\t\t\t<\/div>\n\t\t\t\n\n\n<div style=\"height:80px\" aria-hidden=\"true\" class=\"wp-block-spacer\"><\/div>\n\n\n\n<div class=\"wp-block-uagb-separator uagb-block-796149ac\"><div class=\"wp-block-uagb-separator__inner\" style=\"--my-background-image:\"><\/div><\/div>\n\n\n\n<div style=\"height:50px\" aria-hidden=\"true\" class=\"wp-block-spacer\"><\/div>\n\n\n\n<div class=\"wp-block-uagb-advanced-heading uagb-block-55ffb60d\"><h2 class=\"uagb-heading-text\">DISTRIBUTION <\/h2><p class=\"uagb-desc-text\"><a href=\"https:\/\/themad.agency\/\" data-type=\"link\" data-id=\"https:\/\/themad.agency\/\">UNIFA GMBH<\/a><\/p><\/div>\n\n\n      \n\t\t\t<div class=\"uagb-icon-wrapper uagb-block-f9792760      \"\n\t\t\tstyle=\"\" >\n\t\t\t\t\t\t\t\t\t<span class=\"uagb-svg-wrapper\" \n\t\t\t\t\t aria-label=\"https:\/\/www.instagram.com\/unifa_fashion\/?hl=en\"\t\t\t\t\ttabindex=\"0\">\t\t\n\t\t\t\t\t\t\t\t\t\t<a rel=\"noopener noreferrer\" href=\"https:\/\/www.instagram.com\/unifa_fashion\/?hl=en\" target=\"_blank\"><svg xmlns=\"https:\/\/www.w3.org\/2000\/svg\" viewBox= \"0 0 448 512\" role=\"graphics-symbol\" aria-hidden=\"false\" aria-label=\"https:\/\/www.instagram.com\/unifa_fashion\/?hl=en\"><path d=\"M224.1 141c-63.6 0-114.9 51.3-114.9 114.9s51.3 114.9 114.9 114.9S339 319.5 339 255.9 287.7 141 224.1 141zm0 189.6c-41.1 0-74.7-33.5-74.7-74.7s33.5-74.7 74.7-74.7 74.7 33.5 74.7 74.7-33.6 74.7-74.7 74.7zm146.4-194.3c0 14.9-12 26.8-26.8 26.8-14.9 0-26.8-12-26.8-26.8s12-26.8 26.8-26.8 26.8 12 26.8 26.8zm76.1 27.2c-1.7-35.9-9.9-67.7-36.2-93.9-26.2-26.2-58-34.4-93.9-36.2-37-2.1-147.9-2.1-184.9 0-35.8 1.7-67.6 9.9-93.9 36.1s-34.4 58-36.2 93.9c-2.1 37-2.1 147.9 0 184.9 1.7 35.9 9.9 67.7 36.2 93.9s58 34.4 93.9 36.2c37 2.1 147.9 2.1 184.9 0 35.9-1.7 67.7-9.9 93.9-36.2 26.2-26.2 34.4-58 36.2-93.9 2.1-37 2.1-147.8 0-184.8zM398.8 388c-7.8 19.6-22.9 34.7-42.6 42.6-29.5 11.7-99.5 9-132.1 9s-102.7 2.6-132.1-9c-19.6-7.8-34.7-22.9-42.6-42.6-11.7-29.5-9-99.5-9-132.1s-2.6-102.7 9-132.1c7.8-19.6 22.9-34.7 42.6-42.6 29.5-11.7 99.5-9 132.1-9s102.7-2.6 132.1 9c19.6 7.8 34.7 22.9 42.6 42.6 11.7 29.5 9 99.5 9 132.1s2.7 102.7-9 132.1z\"><\/path><\/svg><\/a>\n\t\t\t\t\t\t\t\t\t<\/span>\n\t\t\t\t\t\t\t<\/div>\n\t\t\t\n\n\n<p class=\"has-text-align-center\"><br>SILVIA WESTERHAUSEN \u2028+49(0) 163 580 88 66 \/&nbsp;<a href=\"mailto:S.WESTERHAUSEN@UNIFAFASHION.COM\"><strong>S.WESTERHAUSEN@UNIFAFASHION.COM<\/strong><\/a><\/p>\n\n\n<div class=\"wp-block-image\">\n<figure class=\"aligncenter size-large\"><a href=\"https:\/\/unifa-fashion.com\/wp-content\/uploads\/2025\/12\/cinq_2-2.jpg\"><img loading=\"lazy\" decoding=\"async\" width=\"819\" height=\"1024\" src=\"https:\/\/unifa-fashion.com\/wp-content\/uploads\/2025\/12\/cinq_2-2-819x1024.jpg\" alt=\"\" class=\"wp-image-18639\" srcset=\"https:\/\/unifa-fashion.com\/wp-content\/uploads\/2025\/12\/cinq_2-2-819x1024.jpg 819w, https:\/\/unifa-fashion.com\/wp-content\/uploads\/2025\/12\/cinq_2-2-240x300.jpg 240w, https:\/\/unifa-fashion.com\/wp-content\/uploads\/2025\/12\/cinq_2-2-768x960.jpg 768w, https:\/\/unifa-fashion.com\/wp-content\/uploads\/2025\/12\/cinq_2-2-1229x1536.jpg 1229w, https:\/\/unifa-fashion.com\/wp-content\/uploads\/2025\/12\/cinq_2-2-1638x2048.jpg 1638w, https:\/\/unifa-fashion.com\/wp-content\/uploads\/2025\/12\/cinq_2-2-480x600.jpg 480w, https:\/\/unifa-fashion.com\/wp-content\/uploads\/2025\/12\/cinq_2-2-500x625.jpg 500w, https:\/\/unifa-fashion.com\/wp-content\/uploads\/2025\/12\/cinq_2-2-800x1000.jpg 800w, https:\/\/unifa-fashion.com\/wp-content\/uploads\/2025\/12\/cinq_2-2-1280x1600.jpg 1280w, https:\/\/unifa-fashion.com\/wp-content\/uploads\/2025\/12\/cinq_2-2-1920x2400.jpg 1920w, https:\/\/unifa-fashion.com\/wp-content\/uploads\/2025\/12\/cinq_2-2.jpg 2000w\" sizes=\"auto, (max-width: 819px) 100vw, 819px\" \/><\/a><\/figure><\/div>\n\n\n<div style=\"height:100px\" aria-hidden=\"true\" class=\"wp-block-spacer\"><\/div>\n\n\n\n<p><\/p>\n\n\n\n<p><\/p>\n\n\n\n<div style=\"height:100px\" aria-hidden=\"true\" class=\"wp-block-spacer\"><\/div>\n\n\n\n<div class=\"wp-block-group alignfull has-background-color\" style=\"margin-top:0;margin-bottom:0;padding-top:var(--wp--preset--spacing--50);padding-right:var(--wp--preset--spacing--30);padding-bottom:var(--wp--preset--spacing--50);padding-left:var(--wp--preset--spacing--30)\"><div class=\"wp-block-group__inner-container is-layout-flow wp-block-group-is-layout-flow\"><\/div><\/div>\n\n\n\n<p><\/p>\n\n\n\n<p><\/p>\n","protected":false},"excerpt":{"rendered":"<p>ABOUT CINQ \u00c0 SEPT Cinq \u00e0 Sept wurde 2016 gegr\u00fcndet und ist eine angesagte Marke f\u00fcr moderne, zeitgem\u00e4\u00dfe Lifestyle-Mode.&nbsp;Sie ist bekannt f\u00fcr ihre stylischen Basics &hellip; <\/p>\n","protected":false},"author":1,"featured_media":0,"parent":0,"menu_order":0,"comment_status":"closed","ping_status":"closed","template":"","meta":{"_uag_custom_page_level_css":"","kk_blocks_editor_width":"","_kiokenblocks_attr":"","_kiokenblocks_dimensions":"","footnotes":""},"class_list":["post-18489","page","type-page","status-publish","hentry"],"uagb_featured_image_src":{"full":false,"thumbnail":false,"medium":false,"medium_large":false,"large":false,"1536x1536":false,"2048x2048":false,"hello-fashion-slider":false,"hello-fashion-blog-three":false,"hello-fashion-blog-four":false,"vilva-slider-one":false,"vilva-featured-four":false,"vilva-blog":false,"vilva-blog-one":false,"vilva-sidebar":false,"awb_sm":false,"awb_md":false,"awb_lg":false,"awb_xl":false},"uagb_author_info":{"display_name":"admin","author_link":"https:\/\/unifa-fashion.com\/?author=1"},"uagb_comment_info":0,"uagb_excerpt":"ABOUT CINQ \u00c0 SEPT Cinq \u00e0 Sept wurde 2016 gegr\u00fcndet und ist eine angesagte Marke f\u00fcr moderne, zeitgem\u00e4\u00dfe Lifestyle-Mode.&nbsp;Sie ist bekannt f\u00fcr ihre stylischen Basics &hellip;","_links":{"self":[{"href":"https:\/\/unifa-fashion.com\/index.php?rest_route=\/wp\/v2\/pages\/18489","targetHints":{"allow":["GET"]}}],"collection":[{"href":"https:\/\/unifa-fashion.com\/index.php?rest_route=\/wp\/v2\/pages"}],"about":[{"href":"https:\/\/unifa-fashion.com\/index.php?rest_route=\/wp\/v2\/types\/page"}],"author":[{"embeddable":true,"href":"https:\/\/unifa-fashion.com\/index.php?rest_route=\/wp\/v2\/users\/1"}],"replies":[{"embeddable":true,"href":"https:\/\/unifa-fashion.com\/index.php?rest_route=%2Fwp%2Fv2%2Fcomments&post=18489"}],"version-history":[{"count":8,"href":"https:\/\/unifa-fashion.com\/index.php?rest_route=\/wp\/v2\/pages\/18489\/revisions"}],"predecessor-version":[{"id":18642,"href":"https:\/\/unifa-fashion.com\/index.php?rest_route=\/wp\/v2\/pages\/18489\/revisions\/18642"}],"wp:attachment":[{"href":"https:\/\/unifa-fashion.com\/index.php?rest_route=%2Fwp%2Fv2%2Fmedia&parent=18489"}],"curies":[{"name":"wp","href":"https:\/\/api.w.org\/{rel}","templated":true}]}}